 tens digit of q?
2
Suppose 0 = 2*q + 5*z - 171, 45 = 2*q - 3*z - 102. Suppose -r - r = -4*m - 14, -2*m + q = 4*r. What is the units digit of r?
7
Suppose 0 = 3*x + 1 - 16. What is the units digit of x/(-10) - (-54)/4?
3
Let v(a) = a**3 - 3*a**2 + 4*a. What is the units digit of v(5)?
0
Let d be 47/(-5) + 4/10. What is the tens digit of -39*(2 + 30/d)?
5
Suppose 5*t = -5 - 5. Let s(m) = -3*m**2 - 21*m + 1. Let i(g) = -g**2 - 10*g. Let k(o) = t*s(o) + 5*i(o). What is the units digit of k(9)?
7
Let f = 40 + -24. Suppose f = -c + 5*c. What is the units digit of c?
4
Suppose -2*p - 2*p - j = -21, -p - 4*j = -24. Suppose -p*o - 2*g = -42, 4*o = 2*o + g + 27. Let m = o + 4. What is the units digit of m?
6
Suppose -17 = 5*q + 5*r - 112, 0 = r. Let h = q - 8. What is the tens digit of h?
1
Suppose f + 2*q = 15, 7 - 15 = -4*f + 5*q. Let y(t) = f - 3*t**3 + 6*t**3 - 2 - 4*t**3 - 6*t**2 - t. What is the tens digit of y(-6)?
1
Let y be 36/(-10)*30/(-4). Let d = -16 + y. Let q = d - -10. What is the units digit of q?
1
Let q(a) = -5*a + 4. What is the tens digit of q(-6)?
3
Let b(l) = -2*l**3 + 12*l**2 + l - 15. What is the tens digit of b(5)?
4
Let s be 4/8*(108 + -2). Suppose -3*u + s = t, -u + 81 = 4*u - 2*t. What is the tens digit of u?
1
Let m be 276/10 - 6/(-15). Let b = m - 7. What is the units digit of b?
1
What is the units digit of -20 + 21 + (-22)/(-2)?
2
Suppose 1 = -5*z + 4*z. What is the units digit of (z - -27) + -3 + 1?
4
What is the units digit of ((-132)/(-10))/((-18)/(-45))?
3
Suppose -3*u - 450 = -0*u. Let s = 70 + u. What is the units digit of s/(-14) + 14/49?
6
Let y(k) = k**2 + 2*k - 11. What is the units digit of y(-11)?
8
Suppose -4*k + 162 = 5*y, 2*y + 72 = 4*k - 76. Suppose g + 2*x = 3 - 2, 5*g - k = x. What is the units digit of g?
7
Let w be (-1)/2 + (-396)/(-8). Let b = w - 94. What is the units digit of 4/(-18) - 460/b?
0
Let s(w) = w - 6. Let c(v) = -2*v + 13. Let y(l) = 3*c(l) + 7*s(l). What is the units digit of y(8)?
5
Let a = 3 + 0. Let b be (0/(-2))/(2 - 3). Suppose 2 = u, b = a*v + u + 4*u - 28. What is the units digit of v?
6
Let w = 194 + -110. Suppose 0 = -5*o + 3*r + w, -94 = -0*o - 5*o - 2*r. Suppose -b - 2*b = -o. What is the units digit of b?
6
Let y be (0 + -4)*(-2)/(-4). What is the units digit of (6 - y)*(-1 - -2)?
8
Suppose -w = 2 - 0. Let l be -11 + 2 + -3 - w. Let n = 2 - l. What is the tens digit of n?
1
Let x be ((-6)/(-6))/((-2)/(-4)). Let u = 7 - x. What is the units digit of u?
5
Suppose -3*b = -b - 10. Suppose u = 3*r + b, -28 = -4*u + 2*r - 8. Let p(t) = t. What is the units digit of p(u)?
5
Let o(x) = -2*x - 14. Let j be o(-10). Let r = j + -4. What is the units digit of r?
2
Let x be (2/(-2))/((-5)/(-70)). What is the units digit of (-48)/x + (-3)/7?
3
Let b be (-4)/8 - (-1)/(-2). Suppose -5*s - 70 = -5*o, 6*o - 3*o + 5*s - 2 = 0. Let c = o - b. What is the tens digit of c?
1
Let d = 8 - 0. Let a be 134/12 - d/48. Let p = -6 + a. What is the units digit of p?
5
Suppose 5*h = 11*h - 18. What is the units digit of 9 + (h - 0) + -1?
1
Suppose -11 + 1 = -5*f. Suppose 3*z = -5*l + 116, f*l = 6*l + 5*z - 85. What is the units digit of l?
5
Let b(o) = 3*o**3 + o**2 - 1. Let g be b(1). Suppose -g*c - x + 74 = 0, 0 = -c + 3*x - x + 27. What is the tens digit of c?
2
Let h = -12 - -25. Let k = -6 + h. What is the units digit of k?
7
Let h be (-8)/(-44) + (-53)/(-11). Suppose -5*q + 42 = 3*o - 2*o, 0 = -h*o + 4*q + 123. What is the tens digit of o?
2
What is the units digit of (1568/70)/(2/10)?
2
Suppose 0 = -4*h - h - 15. Let c be (-6 - 0)/h - -1. Suppose 12 = c*s - d, 3*s - 24 = -2*d - d. What is the units digit of s?
5
Suppose 3*k = 3*p + 2*p + 32, 4*k = 4*p + 32. Let x(t) = -2*t**3 - 7*t**2 - 6*t. What is the tens digit of x(p)?
4
Suppose 3 = -0*d + d. Let v = d - -1. What is the units digit of v?
4
Let x = -22 - -15. Let i(g) = -g**3 - 7*g**2 - 4. Let d be i(x). Let w(v) = v**3 + 4*v**2 - v + 1. What is the units digit of w(d)?
5
Let z(w) = 5*w + 1. Let k be z(1). Let u = 1 + k. What is the units digit of u?
7
Let t(m) be the first derivative of m**5/20 - 3*m**2/2 - 2. Let q(p) be the second derivative of t(p). What is the units digit of q(1)?
3
Suppose 3 = i - 43. What is the tens digit of i?
4
Let z be (11 - 1)*(-5)/(-10). Suppose 0 = z*h - k - 74, k + 0*k = 1. What is the tens digit of 53/5 + 6/h?
1
Let f be (7/3)/((-3)/9). Let p = f + 10. Suppose -44 = -p*j - 5*a, j - 2*a = 3*j - 28. What is the units digit of j?
3
What is the tens digit of -1 - -379 - (-6 + 5)?
7
Let a(h) = -h**3 + 4*h**2 - 2*h - 1. Let w be a(3). Suppose w*c - 31 = -7. What is the tens digit of c?
1
Suppose 4*b = z + 220, -120 = b - 3*b - 2*z. What is the tens digit of b?
5
Let f(c) = -c**2 + 5*c - 4. Suppose -12 = -0*h - 4*h. What is the units digit of f(h)?
2
Let j(u) = u**2 + 6. Let m(z) = 2*z**2 - 4*z + 3. Let t be m(2). Let l = t - 3. What is the units digit of j(l)?
6
Suppose -323 = -5*m + 2*l, m - l + 15 = 79. What is the units digit of m?
5
Let j(z) = -49*z**3 - 1. Let i be j(-1). Let a be i/(-9) - (-3)/9. What is the units digit of ((-12)/(-10))/((-1)/a)?
6
Let g(f) = 3*f + 2. Let l be (4 - 2 - 0)*2. Suppose 4*k - l = 2*k. What is the units digit of g(k)?
8
Let k(n) = 2*n**2 - 8*n - 9. Let b(l) = -l**2 + 7*l + 8. Let c(d) = 3*b(d) + 2*k(d). Let q(j) = 2*j - 1. Let u be q(-2). What is the units digit of c(u)?
6
Let w be (-13)/(-4) - 5/20. Suppose 3*k + w*v - 23 = -v, 0 = -2*v + 4. What is the units digit of k?
5
Let c be (-154)/(-3) + 2/3. Let x = c + -24. What is the units digit of (x/(-16))/(1/(-4))?
7
Let i be (10/6)/(1/(-3)). Let a(j) be the second derivative of -j**3/6 + j**2 + 3*j. What is the units digit of a(i)?
7
Let b(t) = 2*t**2 - 8*t + 8. What is the tens digit of b(5)?
1
Suppose v = 3*r - 132, r + 0 = 3*v + 44. What is the tens digit of r?
4
Let t = -22 - -49. What is the tens digit of t?
2
Suppose -4*w - 20 = -y, 3*y - 34 = y + 5*w. What is the units digit of (1 + 13)/(8/y)?
1
Suppose h = 5*o + 21 + 20, h - 11 = -5*o. What is the tens digit of h?
2
What is the tens digit of (-1*8/6)/(6/(-909))?
0
Suppose 5*u + 3*q - 24 = 0, 0 = 3*u + 4*q - 0 - 10. What is the units digit of u + -2 - (-8 - -8)?
4
What is the units digit of (-3)/1*(-86)/3?
6
Let t be 11 + 6/(-3) + 0. Suppose 0 = 4*p - t*p + 25. Suppose p*f = 2*f + 18. What is the units digit of f?
6
Let g(n) = n**3 - n**2 + 2*n - 4. Let y(k) = -2*k**3 + 3*k**2 - 7*k + 11. Let l(r) = -8*g(r) - 3*y(r). What is the units digit of l(-3)?
9
Suppose -5*k - q = -2*q - 15, -5*q = -5*k + 35. Let s be (-1)/k*(-3 - -3). Suppose s = -0*f + 2*f - 6. What is the units digit of f?
3
Suppose -4*l + 3*g + 22 = -0*l, l = -3*g - 2. Suppose u = 2*s + 10, -5*s = l*u - 87 + 34. What is the tens digit of u?
1
Let l(o) = 10*o - 6. What is the units digit of l(4)?
4
Let p be (3/3)/(0 + 1). Let w be (p + 0 + -2)*31. Let m = -22 - w. What is the units digit of m?
9
Let z(m) be the first derivative of -2*m**3/3 + 7*m**2/2 - 4*m + 1. Let q be z(4). What is the units digit of -5*(-1 - q/10)?
1
Suppose t + t - 5*n - 17 = 0, 0 = -n - 3. Let w = t - -1. What is the units digit of w/(3 - 2)*6?
2
What is the tens digit of (15/30)/(2/412)?
0
Suppose 5*a = 25, -w + 102 - 10 = -2*a. What is the units digit of w?
2
What is the units digit of 147 - (-3 + -2)*1?
2
Suppose -8 = -3*z - z. Suppose 4*r + k = 8, -4*r + 2 = -z*k - 6. What is the units digit of r?
2
Let a(i) = -i**3 + 3*i**2 + 6*i + 2. Let v be a(5). What is the tens digit of (v/(-24))/(1/16)?
1
Let c(s) = 2*s**2 + 6*s + 2. Suppose 0 = x - 0*x - 3. Let w(j) = 4*j**2 + 12*j + 5. Let n(h) = x*w(h) - 5*c(h). What is the tens digit of n(-4)?
1
Let d(g) = g**3 + 7*g**2 + 4*g + 8. Let h be d(-6). Suppose -2*v = 2*a - 18, -v + a = 7 - h. What is the tens digit of v?
1
Let b = -6 - -9. Suppose 0 = b*f - f. Suppose f*j = -3*j + 30. What is the units digit of j?
0
Let o(a) = a**3 + 7*a**2 - a - 1. Let p be o(-7). Suppose -x + 18 = p. What is the units digit of x?
2
Let k = -52 + 104. What is the units digit of k?
2
Suppose -4*w + 27 = -w. Let s be 1/3 + 24/w. Suppose -27 = -3*y - 5*d, 0*y - y + s*d + 9 = 0. What is the units digit of y?
9
Suppose 0 = -0*f - f. Suppose f = -3*m - 2*x - 1 - 3, 5*m - x - 15 = 0. Suppose 0 = -4*s + c + 16, 7 = -m*s -